*d**2 - d + 2. What is s(2)?
32
Let p(q) = q**2 + 18*q + 6. Calculate p(-16).
-26
Let j(l) = 9*l**2 - 2*l. Give j(3).
75
Let n(r) = 2*r**2 + 4*r + 4. Calculate n(-3).
10
Let y(l) = 2*l**2 + 4*l - 1. Determine y(-3).
5
Let p(d) = -15*d + 16. Determine p(4).
-44
Let z(q) = 7*q + 71. Give z(-9).
8
Let x(r) = -13*r - 138. Give x(-11).
5
Let x(u) = -u**3 + 13*u**2 - 23*u + 9. Calculate x(11).
-2
Let z(x) = x**2 + 14*x + 7. Calculate z(-11).
-26
Let n(u) = -u**2 - 37*u - 141. Determine n(-27).
129
Let a(w) = -w**3 - 12*w**2 - 14*w + 3. Determine a(-11).
36
Let n(q) = -q**3 - 7*q**2 - 3*q + 23. Determine n(-6).
5
Let y(v) = -v**3 + 8*v**2 + 13*v + 2. What is y(10)?
-68
Let f(h) = -3*h**2 + 11*h. Calculate f(2).
10
Let z(x) = -3*x + 31. What is z(0)?
31
Let q(p) = -p**2 + 14*p + 45. What is q(17)?
-6
Let i(r) = 2*r - 4. What is i(-4)?
-12
Let h(u) = -u**3 + 4*u**2 + 2*u - 8. Give h(4).
0
Let s(j) = -3*j + 26. Give s(6).
8
Let y(x) = x**3 + 9*x**2 - 9*x - 1. Give y(-10).
-11
Let v(z) = z - 17. What is v(-5)?
-22
Let p(l) = 2*l**2 + 4*l - 53. Determine p(8).
107
Let d(l) = 3*l**2 - 14*l + 5. Determine d(4).
-3
Let g(m) = m**2 + 14*m + 9. What is g(-9)?
-36
Let k(v) = -2*v - 17. Determine k(-7).
-3
Let i(d) = 4*d + 168. Give i(-43).
-4
Let g(r) = -2*r**3 - 19*r**2 - 12*r - 8. Determine g(-9).
19
Let q(t) = -6*t - 35. Calculate q(-8).
13
Let o(u) = -2*u**2 + 47*u - 164. What is o(4)?
-8
Let i(s) = 3*s**2 + 14*s + 6. Determine i(-8).
86
Let k(d) = -18*d**2 + 3*d - 4. What is k(2)?
-70
Let d(n) = n**3 + 7*n**2 + 6*n - 2. What is d(-6)?
-2
Let b(d) = d + 49. What is b(-35)?
14
Let w(i) = i**2 + 15*i + 11. Give w(-10).
-39
Let d(t) = -t**2 - 24*t - 39. What is d(-23)?
-16
Let v(u) = 10*u + 6. Give v(-10).
-94
Let s(k) = k**3 + 8*k**2 - 54. Give s(-7).
-5
Let r(n) = n**3 - 2*n**2 - 3*n. Calculate r(-2).
-10
Let x(t) = -t**3 + 18*t**2 - t + 16. Give x(18).
-2
Let n(z) = z - 20. Calculate n(15).
-5
Let m(q) = -31*q - 45. Give m(-1).
-14
Let h(x) = -24*x - 13. Give h(0).
-13
Let d(j) = j**2 + 14*j + 17. What is d(-12)?
-7
Let m(o) = 56*o + 4. Calculate m(-2).
-108
Let u(p) = 6*p**3 + 8*p**2 + 5*p - 3. Give u(-2).
-29
Let o(s) = s**3 - 7*s**2 + 7*s - 33. Calculate o(6).
-27
Let k(l) = l**3 - 10*l**2 - 16*l + 3. What is k(11)?
-52
Let l(d) = -2*d - 14. What is l(-21)?
28
Let m(k) = -14*k + 135. Calculate m(9).
9
Let d(g) = 7*g - 3. What is d(8)?
53
Let d(y) = -6*y**2 - y - 1. Determine d(-1).
-6
Let w(h) = h - 15. Give w(12).
-3
Let k(t) = -55*t - 211. What is k(-4)?
9
Let u(l) = l**3 + 5*l**2 + 6*l + 11. Calculate u(-5).
-19
Let h(z) = 19*z - 5. What is h(-3)?
-62
Let x(c) = 6*c**3 + 3*c + 4. What is x(-1)?
-5
Let m(a) = -82*a - 1143. What is m(-14)?
5
Let z(i) = 3*i**2 + 6*i - 2. Determine z(-5).
43
Let n(v) = 3*v. Calculate n(-11).
-33
Let c(a) = a**3 + 8*a**2 - 11*a - 2. Calculate c(-9).
16
Let l(o) = 9*o**2 - 2*o - 1. What is l(-1)?
10
Let b(j) = -j**2 + 17*j - 52. Give b(9).
20
Let l(q) = -9*q - 659. What is l(-73)?
-2
Let g(s) = s**2 + 5*s + 1. What is g(-4)?
-3
Let k(r) = 2*r + 10. Give k(-2).
6
Let b(r) = 76*r + 237. Calculate b(-3).
9
Let g(t) = t**3 - 16*t**2 - 39*t + 50. What is g(18)?
-4
Let l(t) = -7*t + 33. Calculate l(14).
-65
Let t(k) = k**2 + 18*k - 3. Give t(-12).
-75
Let d(l) = l**3 - 6*l**2 - 3*l - 17. What is d(7)?
11
Let u(v) = -v**3 - 10*v**2 + 26*v + 148. What is u(-11)?
-17
Let r(a) = -a**3 - 7*a**2 + 6*a + 5. Give r(-6).
-67
Let r(h) = h**2 - 13*h + 23. Calculate r(8).
-17
Let w(a) = -a**3 + 11*a**2 - 2. Calculate w(11).
-2
Let v(w) = 57*w - 507. What is v(9)?
6
Let s(b) = -b + 16. Give s(-12).
28
Let q(f) = -24*f + 54. Determine q(7).
-114
Let r(d) = 2*d - 74. Give r(33).
-8
Let y(l) = 21*l - 4. What is y(-4)?
-88
Let g(x) = -55*x**3 + 6*x**2 + 3*x - 2. Calculate g(-1).
56
Let g(y) = -y**3 - 4*y**2 + 2. Determine g(-4).
2
Let y(t) = -5*t**3 + 3*t**2 + t - 6. Determine y(3).
-111
Let m(c) = 3*c**3 - 2*c**2 - 3*c. Give m(-2).
-26
Let j(m) = m + 8. What is j(-12)?
-4
Let j(f) = 53*f**2 - f - 1. Give j(-1).
53
Let i(n) = 3*n**2 - 8*n - 1. Determine i(4).
15
Let l(j) = -31*j**2 + 591*j - 29. Give l(19).
9
Let h(i) = 2*i**2 - 6*i + 18. Give h(5).
38
Let d(p) = -21*p + 17. Calculate d(7).
-130
Let z(s) = -3*s - 23. Calculate z(-5).
-8
Let j(p) = p**2 - 18*p + 14. What is j(17)?
-3
Let v(o) = o**3 + 2*o**2 - 6*o - 1. What is v(-4)?
-9
Let s(h) = -7*h + 6. Determine s(5).
-29
Let h(f) = 46*f + 39. Give h(-1).
-7
Let l(j) = j**2 + 91*j + 1193. Calculate l(-75).
-7
Let k(w) = w - 9. What is k(-13)?
-22
Let y(l) = -l - 8. Determine y(-6).
-2
Let c(i) = -2*i**2 + 30*i + 22. What is c(16)?
-10
Let o(j) = -7*j**2 - 4*j - 4. Determine o(-1).
-7
Let g(u) = u**2 - 13*u - 4. Determine g(12).
-16
Let c(v) = -12*v + 45. Calculate c(5).
-15
Let h(q) = -3*q**3 + 21*q**2 - 14*q - 9. Give h(6).
15
Let v(n) = 2*n**3 + 4*n**2 - 6*n - 11. Calculate v(-2).
1
Let m(i) = -i**3 - 3*i**2 + 2*i - 8. What is m(-4)?
0
Let j(a) = a**3 + 3*a**2 + 3*a + 3. Determine j(-3).
-6
Let a(u) = u**2 + 4*u + 1. Calculate a(-5).
6
Let d(x) = -3*x**2 + 2*x - 2. Calculate d(2).
-10
Let n(c) = -11*c - 13. What is n(-10)?
97
Let p(a) = 36*a + 68. Give p(-2).
-4
Let r(h) = -h**3 + 16*h**2 + 18*h - 20. Give r(17).
-3
Let l(j) = j**3 - 6*j**2 + 3*j + 8. Determine l(5).
-2
Let g(b) = 2*b**2 + 31*b - 16. What is g(-13)?
-81
Let n(z) = z**3 + z**2 - 5*z - 4. Calculate n(-4).
-32
Let w(c) = -c**2 + 12*c + 17. Determine w(16).
-47
Let v(h) = -230*h - 926. Determine v(-4).
-6
Let h(p) = p**3 - 5*p**2 - 2*p - 3. Calculate h(6).
21
Let z(d) = -d**3 + 3*d**2 + 9*d - 6. Give z(3).
21
Let i(d) = -d**3 + 9*d**2 + 15*d - 3. Give i(10).
47
Let y(o) = -2*o - 1. Determine y(-10).
19
Let t(i) = -i**3 - 5*i**2 - 7*i - 4. Give t(-3).
-1
Let r(x) = -4*x + 1. Determine r(-4).
17
Let l(x) = 35*x + 382. Determine l(-11).
-3
Let f(g) = 2*g - 20. Determine f(8).
-4
Let c(u) = -3*u**2 + 41*u + 13. Give c(13).
39
Let w(o) = 12*o**2 + 2*o - 1. What is w(1)?
13
Let m(h) = h**2 - 9*h + 2. Calculate m(9).
2
Let y(b) = b**2 - 11*b + 8. Calculate y(0).
8
Let i(f) = f**3 + 6*f**2 - 4*f + 14. Give i(-7).
-7
Let o(n) = -n**3 + 5*n**2 - 2*n + 11. What is o(4)?
19
Let k(j) = -9*j + 6. Give k(8).
-66
Let z(l) = -4*l**3 - 3*l**2 + 2*l + 1. Calculate z(-2).
17
Let t(c) = -c**3 + 15*c**2 + 15*c + 9. Determine t(16).
-7
Let w(s) = 19*s + 1. What is w(3)?
58
Let r(j) = j**3 - 4*j**2 - j - 11. What is r(5)?
9
Let d(g) = -g**3 + 12*g**2 - 14*g + 31. Give d(11).
-2
Let t(v) = 58*v - 10. Give t(-2).
-126
Let g(h) = -h**2 - 3*h + 65. Give g(-10).
-5
Let k(g) = -g**2 - 12*g - 2. Calculate k(-14).
-30
Let x(g) = 3*g**2 + 5*g + 13. What is x(-3)?
25
Let i(u) = -5*u + 41. Calculate i(9).
-4
Let p(d) = 6*d**2 + 26*d + 19. Give p(-8).
195
Let j(g) = -g**2 - 3*g + 1. Determine j(0).
1
Let o(z) = z**3 + 16*z**2 - 20*z - 51. Give o(-17).
0
Let g(f) = f**2 + 4*f - 7. Determine g(-6).
5
Let r(c) = c**2 + 8*c + 5. Calculate r(-6).
-7
Let i(y) = 6*y - 22. What is i(-4)?
-46
Let c(d) = 4*d + 127. Give c(-34).
-9
Let o(k) = -2*k**2 - 13*k + 13. Calculate o(-11).
-86
Let f(g) = -g + 3. Give f(9).
-6
Let n(o) = -o**3 + 4*o**2 - 2*o. Determine n(5).
-35
Let x(j) = 2*j**2 - 10*j - 7. Determine x(6).
5
Let a(g) = -28*g**3 + g**2 + 2*g. Determine a(-1).
27
Let z(g) = g - 2. Calculate z(-2).
-4
Let k(b) = -b - 6. Determine k(-8).
2
Let v(f) = 8*f**3 - 4*f - 2. Give v(-1).
-6
Let f(u) = u**2 - 7*u + 14. Determine f(10).
44
Let w(y) = 5*y - 18. Calculate w(7).
17
Let d(q) = q**3 - 11*q**2 + 23*q - 10. What is d(9)?
35
Let j(y) = -y**3 - 23*y**2 - 25*y - 54. Calculate j(-22).
12
Let m(k) = -k**3 + 10*k**2 + 9*k + 8. What is m(11)?
-14
Let s(c) = -c**2 - c + 20. Determine s(-4).
8
Let h(u) = -6*u - 1. Calculate h(-1).
5
Let i(y) = y**2 + 2*y + 16. Determine i(0).
16
Let b(u) = -u**3 + 5*u**2 + 6*u. Calculate b(6).
0
Let p(t) = 8*t - 7. What is p(2)?
9
Let a(q) = -q**3 + 10*q**2 + 3. Give a(10).
3
Let q(k) = k**3 - 16*k**2 - 11*k - 40. Give q(16).
-216
Let o(x) = -15*x + 5. What is o(4)?
-55
Let o(n) = -n**3 + 13*n**2 - 41*n + 5. Determine o(6).
11
Let c(w) = 2*w - 19. Give c(0).
-19
Let d(q) = 2*q**2 - 5*q. Determine d(4).
12
Let n(h) = h**3 - 3*h**2 + 3*h - 3. What is n(3)?
6
Let i(y) = -21*y**2 - 2*y - 1. Give i(-1).
-20
Let m(j) = 5*j + 12. Determine m(0).
1